ors of 193190228?
2, 7, 11, 29, 43, 503
What are the prime factors of 2726599781?
2726599781
What are the prime factors of 442190705?
5, 11, 19, 22271
What are the prime factors of 883544563?
11, 23, 89, 39239
List the prime factors of 380601651.
3, 126867217
List the prime factors of 73383749.
3637, 20177
What are the prime factors of 23024152?
2, 557, 5167
List the prime factors of 83029520.
2, 5, 7, 59, 359
List the prime factors of 939249466.
2, 14327, 32779
List the prime factors of 20928139.
17, 19, 64793
What are the prime factors of 682381195?
5, 37, 647, 5701
List the prime factors of 182919201.
3, 17, 3586651
What are the prime factors of 79045537?
1237, 63901
List the prime factors of 2450680890.
2, 3, 5, 7, 191, 61099
List the prime factors of 1236001107.
3, 11, 3329, 11251
List the prime factors of 2134525959.
3, 103, 767539
List the prime factors of 131457939.
3, 137, 319849
What are the prime factors of 15752264?
2, 11, 16273
What are the prime factors of 1373445220?
2, 5, 7, 29, 338287
What are the prime factors of 118117075?
5, 23, 205421
List the prime factors of 356737180.
2, 5, 17, 1049227
List the prime factors of 245426791.
245426791
What are the prime factors of 30178384?
2, 19, 37, 2683
List the prime factors of 161328500.
2, 5, 307, 1051
List the prime factors of 65491976.
2, 11, 29, 2333
What are the prime factors of 2959524670?
2, 5, 47, 67, 93983
List the prime factors of 673281117.
3, 73, 163, 6287
What are the prime factors of 18830846?
2, 9415423
List the prime factors of 131908018.
2, 11, 5995819
List the prime factors of 13815788.
2, 7, 601, 821
List the prime factors of 48063375.
3, 5, 47, 101
What are the prime factors of 174165181?
174165181
What are the prime factors of 596550601?
596550601
What are the prime factors of 2487493747?
113, 3347, 6577
List the prime factors of 165508416.
2, 3, 287341
What are the prime factors of 776990620?
2, 5, 7, 29, 211, 907
List the prime factors of 83690033.
7, 47, 254377
List the prime factors of 54072078.
2, 3, 9012013
List the prime factors of 1171621990.
2, 5, 7, 11, 127, 11981
List the prime factors of 605969587.
29, 20895503
List the prime factors of 1104761930.
2, 5, 110476193
What are the prime factors of 342551267?
342551267
List the prime factors of 43957320.
2, 3, 5, 11, 33301
What are the prime factors of 4045800970?
2, 5, 23, 83, 211933
List the prime factors of 115067457.
3, 12785273
List the prime factors of 1660772797.
1660772797
What are the prime factors of 23622507?
3, 97, 27059
List the prime factors of 267022104.
2, 3, 11125921
What are the prime factors of 1602213977?
7, 13, 17, 60923
What are the prime factors of 420436215?
3, 5, 103, 90709
List the prime factors of 70418506.
2, 59, 596767
What are the prime factors of 167048206?
2, 13, 43, 149417
List the prime factors of 4485167.
4485167
List the prime factors of 674244795.
3, 5, 7, 41, 156619
What are the prime factors of 146985201?
3, 11, 37, 40127
What are the prime factors of 453030169?
12253, 36973
What are the prime factors of 507461984?
2, 15858187
List the prime factors of 115428636.
2, 3, 593, 5407
List the prime factors of 2962347372.
2, 3, 79, 101, 10313
List the prime factors of 312770204.
2, 67, 1167053
List the prime factors of 273633753.
3, 53, 883, 1949
List the prime factors of 4988326341.
3, 47, 4463, 7927
What are the prime factors of 652145351?
11, 13, 47, 8821
What are the prime factors of 287225130?
2, 3, 5, 359, 26669
List the prime factors of 3334205617.
3334205617
List the prime factors of 1687363.
43, 39241
What are the prime factors of 158666415?
3, 5, 139, 76099
List the prime factors of 72227029.
7, 1474021
List the prime factors of 117329481.
3, 751, 17359
What are the prime factors of 766641992?
2, 95830249
What are the prime factors of 18503086?
2, 7, 23, 8209
What are the prime factors of 2854819414?
2, 593, 2407099
List the prime factors of 343204396.
2, 85801099
What are the prime factors of 958563940?
2, 5, 1873, 25589
What are the prime factors of 977734758?
2, 3, 7, 11, 13, 173, 941
List the prime factors of 28798718.
2, 13, 19, 97, 601
What are the prime factors of 73378222?
2, 17, 2158183
List the prime factors of 452537535.
3, 5, 17, 19, 23, 31, 131
List the prime factors of 37811647.
3209, 11783
List the prime factors of 9247130.
2, 5, 924713
List the prime factors of 925989579.
3, 4909, 20959
What are the prime factors of 796344965?
5, 13, 1579, 7759
List the prime factors of 64934789.
64934789
What are the prime factors of 121980533?
121980533
What are the prime factors of 818427452?
2, 204606863
What are the prime factors of 30476571?
3, 41, 127, 1951
List the prime factors of 53411406.
2, 3, 509, 17489
List the prime factors of 5981196478.
2, 2990598239
What are the prime factors of 107637072?
2, 3, 127, 17657
List the prime factors of 3020633686.
2, 7, 215759549
What are the prime factors of 154203708?
2, 3, 83, 154823
What are the prime factors of 472501279?
472501279
List the prime factors of 113449265.
5, 43, 527671
List the prime factors of 5565343273.
7, 47, 1187, 14251
What are the prime factors of 5915140566?
2, 3, 31, 31801831
What are the prime factors of 40786788?
2, 3, 7, 47, 10331
List the prime factors of 38560229.
89, 433261
List the prime factors of 12132510.
2, 3, 5, 13, 2393
What are the prime factors of 88812270?
2, 3, 5, 19, 167, 311
What are the prime factors of 3607003447?
397, 9085651
List the prime factors of 20038975.
5, 11, 72869
List the prime factors of 197228688.
2, 3, 53, 77527
What are the prime factors of 447819055?
5, 47, 1905613
What are the prime factors of 1501103517?
3, 2801, 178639
What are the prime factors of 124921346?
2, 11, 5678243
List the prime factors of 57405329.
137, 223, 1879
What are the prime factors of 44908307?
353, 127219
What are the prime factors of 272747526?
2, 3, 3373, 13477
What are the prime factors of 210383266?
2, 61, 1724453
What are the prime factors of 204405985?
5, 7, 809, 7219
List the prime factors of 3079738234.
2, 19, 5531, 14653
What are the prime factors of 162511960?
2, 5, 13, 59, 5297
What are the prime factors of 120580301?
8297, 14533
What are the prime factors of 1708100977?
11, 151, 93487
List the prime factors of 9933340.
2, 5, 311, 1597
What are the prime factors of 5381915440?
2, 5, 11, 89, 6247
What are the prime factors of 37994747?
7, 31, 25013
List the prime factors of 46740653.
31, 1507763
List the prime factors of 9836379.
3, 7, 43, 3631
What are the prime factors of 775411948?
2, 43, 4508209
What are the prime factors of 46276545?
3, 5, 7, 137, 3217
What are the prime factors of 485066860?
2, 5, 24253343
What are the prime factors of 58296623?
7, 11, 15451
What are the prime factors of 952268576?
2, 7, 4251199
What are the prime factors of 10038012?
2, 3, 836501
What are the prime factors of 65912543?
41, 593, 2711
List the prime factors of 96699206.
2, 1657, 29179
List the prime factors of 245487142.
2, 23, 563, 9479
List the prime factors of 93953097.
3, 7, 401, 3719
What are the prime factors of 218912559?
3, 72970853
List the prime factors of 36423754.
2, 18211877
List the prime factors of 167645900.
2, 5, 79, 21221
What are the prime factors of 2310773668?
2, 7, 71, 1162361
What are the prime factors of 1152873782?
2, 89, 2267, 2857
What are the prime factors of 1620345422?
2, 19, 83, 257, 1999
What are the prime factors of 190662029?
179, 397, 2683
What are the prime factors of 732456596?
2, 29, 67, 73, 1291
What are the prime factors of 3162382?
2, 1581191
What are the prime factors of 800569188?
2, 3, 23, 966871
What are the prime factors of 74616099?
3, 24872033
List the prime factors of 6124823428.
2, 1531205857
What are the prime factors of 1062664770?
2, 3, 5, 83, 426773
What are the prime factors of 677018?
2, 167, 2027
What are the prime factors of 59493279?
3, 599, 33107
List the prime factors of 47893153.
7, 11, 23, 27043
List the prime factors of 1050812418.
2, 3, 175135403
What are the prime factors of 104366679?
3, 29, 1199617
List the prime factors of 879678508.
2, 47, 4679141
What are the prime factors of 159918983?
7, 17, 41, 73, 449
List the prime factors of 334933880.
2, 5, 43, 194729
What are the prime factors of 209872360?
2, 5, 52468